{"id":1062,"date":"2025-10-21T20:54:53","date_gmt":"2025-10-21T17:54:53","guid":{"rendered":"https:\/\/www.geotimharita.com.tr\/?post_type=product&#038;p=1062"},"modified":"2025-10-21T21:06:06","modified_gmt":"2025-10-21T18:06:06","slug":"stonex-s950-gnss-alicisi","status":"publish","type":"product","link":"https:\/\/www.geotimharita.com.tr\/index.php\/urun\/stonex-s950-gnss-alicisi\/","title":{"rendered":"Stonex S950 GNSS Al\u0131c\u0131s\u0131"},"content":{"rendered":"<p><strong>\u00c7OKLU UYDU S\u0130STEMLER\u0130<\/strong><\/p>\n<p>1408 kanal kapasitesiyle S950, hassas konumlama ve g\u00fcvenilir uydu takibi sa\u011flar.<\/p>\n<p>&nbsp;<\/p>\n<p><strong>IMU TEKNOLOJ\u0130S\u0130<\/strong><\/p>\n<p>60\u00b0&#8217;ye kadar jalon ucunun \u00f6l\u00e7\u00fcm\u00fcne olanak sa\u011flayan IMU teknolojisi, \u00f6l\u00e7\u00fcm h\u0131z\u0131n\u0131 ve verimlili\u011fini artt\u0131r\u0131r.<\/p>\n<p>&nbsp;<\/p>\n<p><strong>GEL\u0130\u015eM\u0130\u015e LAZER MESAFE \u00d6L\u00c7ER<\/strong><\/p>\n<p>S950\u2019nin entegre ye\u015fil lazer mesafe \u00f6l\u00e7eri, y\u00fcksek hassasiyetle 30 metreye kadar \u00f6l\u00e7\u00fcm yapar. Lazer ile al\u0131nan mesafe, GNSS veri- siyle e\u015fzamanl\u0131 olarak birle\u015fir ve ger\u00e7ek zamanl\u0131, koordinatl\u0131 so- nu\u00e7lar \u00fcretir. Bu \u00f6zelli\u011fiyle eri\u015filemeyen bir noktay\u0131, bulundu\u011funuz konumdan lazerle \u00f6l\u00e7meyi m\u00fcmk\u00fcn k\u0131lar.<\/p>\n<p>&nbsp;<\/p>\n<p><strong>\u00c7\u0130FT KAMERA TEKNOLOJ\u0130S\u0130<\/strong><\/p>\n<p>\u00c7ift kamera sayesinde ayn\u0131 anda iki farkl\u0131 a\u00e7\u0131dan aplikasyon yapabilir, \u00f6l\u00e7\u00fcm do\u011frulu\u011funu art\u0131r\u0131rken aplikasyon s\u00fcresini k\u0131salt\u0131r. Bu \u00f6zellik, saha \u00e7al\u0131\u015fmalar\u0131n\u0131z\u0131 daha h\u0131zl\u0131 ve verimli hale getirir.<\/p>\n<p>&nbsp;<\/p>\n<p><strong>2 WATT RADYO<\/strong><\/p>\n<p>Dahili 2 Watt radyo, uzun mesafelerde g\u00fc\u00e7l\u00fc ileti\u015fim imk\u00e2n\u0131 sunar ve kesintisiz veri aktar\u0131m\u0131 sa\u011flar.<\/p>\n","protected":false},"excerpt":{"rendered":"<p>S950 GNSS al\u0131c\u0131s\u0131, 1408 kanal ile \u00fcst\u00fcn konumlama ve uydu takibi sunar, zorlu saha ko\u015fullar\u0131nda bile hassasiyet sa\u011flar. GSM 4G ba\u011flant\u0131s\u0131 sayesinde ger\u00e7ek zamanl\u0131 veri aktar\u0131m\u0131n\u0131 desteklerken, dahili 2 watt radyo ile uzun mesafeli RTK \u00f6l\u00e7\u00fcmlerinde g\u00fcvenilir ileti\u015fim sunar.<\/p>\n<p>IMU teknolojisi ile 60\u00b0&#8217;ye kadar e\u011fimli \u00f6l\u00e7\u00fcm yapabilir ve saha verimlili\u011fini artt\u0131r\u0131r. Geli\u015fmi\u015f lazer mesafe \u00f6l\u00e7er, 30 metreye kadar \u00f6l\u00e7\u00fcm aral\u0131\u011f\u0131 sunar.<\/p>\n<p><strong>\u00c7ift <\/strong>kamera teknolojisi, iki farkl\u0131 a\u00e7\u0131dan e\u015fzamanl\u0131 aplikasyon yap\u0131lmas\u0131na imk\u00e2n tan\u0131yarak hem h\u0131z\u0131n\u0131z\u0131 hem de do\u011frulu\u011funuzu art\u0131r\u0131r. Yaln\u0131zca 810 g a\u011f\u0131rl\u0131\u011f\u0131ndaki S950, 10 saatten uzun pil \u00f6mr\u00fc, IP67 sertifikas\u0131 ve -40\u00b0C ile +65\u00b0C aras\u0131ndaki dayan\u0131kl\u0131l\u0131\u011f\u0131yla ta\u015f\u0131nabilir ve dayan\u0131kl\u0131 bir GNSS al\u0131c\u0131s\u0131d\u0131r.<\/p>\n","protected":false},"featured_media":1057,"comment_status":"open","ping_status":"closed","template":"","meta":[],"product_brand":[],"product_cat":[15,27],"product_tag":[248,249,219,244,246,247],"class_list":{"0":"post-1062","1":"product","2":"type-product","3":"status-publish","4":"has-post-thumbnail","6":"product_cat-genel","7":"product_cat-stonex-gnss","8":"product_tag-s950","9":"product_tag-stonex","10":"product_tag-stonex-gnss","11":"product_tag-stonex-s950","12":"product_tag-stonex-s950-gnss","13":"product_tag-stonex-s950-gnss-alicisi","15":"first","16":"instock","17":"shipping-taxable","18":"product-type-simple"},"_links":{"self":[{"href":"https:\/\/www.geotimharita.com.tr\/index.php\/wp-json\/wp\/v2\/product\/1062","targetHints":{"allow":["GET"]}}],"collection":[{"href":"https:\/\/www.geotimharita.com.tr\/index.php\/wp-json\/wp\/v2\/product"}],"about":[{"href":"https:\/\/www.geotimharita.com.tr\/index.php\/wp-json\/wp\/v2\/types\/product"}],"replies":[{"embeddable":true,"href":"https:\/\/www.geotimharita.com.tr\/index.php\/wp-json\/wp\/v2\/comments?post=1062"}],"wp:featuredmedia":[{"embeddable":true,"href":"https:\/\/www.geotimharita.com.tr\/index.php\/wp-json\/wp\/v2\/media\/1057"}],"wp:attachment":[{"href":"https:\/\/www.geotimharita.com.tr\/index.php\/wp-json\/wp\/v2\/media?parent=1062"}],"wp:term":[{"taxonomy":"product_brand","embeddable":true,"href":"https:\/\/www.geotimharita.com.tr\/index.php\/wp-json\/wp\/v2\/product_brand?post=1062"},{"taxonomy":"product_cat","embeddable":true,"href":"https:\/\/www.geotimharita.com.tr\/index.php\/wp-json\/wp\/v2\/product_cat?post=1062"},{"taxonomy":"product_tag","embeddable":true,"href":"https:\/\/www.geotimharita.com.tr\/index.php\/wp-json\/wp\/v2\/product_tag?post=1062"}],"curies":[{"name":"wp","href":"https:\/\/api.w.org\/{rel}","templated":true}]}}